e value of 123 - 133 - (1 + 1 - 2)?
-10
What is the value of (4 + 0 - 3) + -1?
0
Calculate (-6 - (2 - 5)) + 2.
-1
What is the value of 8 + (7 - 3) + -16?
-4
Evaluate -65 - -60 - (-1 + -12).
8
Calculate 5 - 14 - (-17 - -12) - -14.
10
What is (-2 + 1 - -3) + (3 - 0)?
5
-1 - 3 - ((6 - -3) + -7)
-6
What is the value of -9 + 7 + (-2 - 1)?
-5
6 - (-3 + 3) - (3 - -2)
1
2 + 10 + -12 - 1
-1
Calculate (-2 - 2) + (3 - 5) - -1.
-5
Calculate 4 + 8 + -12 + 4 + 1.
5
What is the value of -5 + -4 + 0 + 10 + -6?
-5
Evaluate -12 + 19 + (-18 - -4).
-7
What is the value of (13 + -8 - -2 - -3) + -8?
2
Calculate 5 + (-4 - (4 + 2)).
-5
Calculate -6 + (16 - (16 - 11)).
5
What is the value of 0 + 1 - (-1 + -2 + 0)?
4
What is the value of (-149 - -137) + 21 + 1?
10
What is the value of 3 - (-1 + 2 + -2 - 0)?
4
What is 3 - ((-10 - -11) + 1)?
1
What is 11 - (-6 + 7 - -14)?
-4
10 - -1 - (29 - 21)
3
What is the value of 0 + 0 + 6 + -6 + 4?
4
Evaluate -9 + -8 + 29 + -6.
6
Calculate 2 + (0 - (4 + -5)).
3
What is (3 - -1) + 4 + -9 - 3?
-4
What is the value of -6 - (1 + 0 - 4)?
-3
Evaluate (-7 - -1) + 8 + 4 + -7.
-1
What is 4 - (1 - -3) - (1 + 0)?
-1
0 + (-2 - -1) + (-4 - -3)
-2
8 + -11 + 0 + -1 + 4
0
-3 - -7 - 15 - -7
-4
What is the value of 6 - (4 - 0) - 4?
-2
Calculate 11 + -1 + -9 - -6.
7
-4 - (7 + -13 - 1)
3
Calculate -3 + (5 - (6 - 0) - -2).
-2
What is the value of 5 - (-3 + 4) - (-8 - -7)?
5
What is 11 + 8 + (-2 - 6 - 7)?
4
(-5 - (0 - -4)) + 4 + -2
-7
What is the value of 1 - (11 + (-10 - 7))?
7
Evaluate 7 - (-10 - (6 + -21)).
2
Calculate 16 + -11 - (-2 + -1).
8
What is -4 + -8 + 12 + 0?
0
Calculate -3 - (-2 - -3 - 4).
0
What is -1 + (-2 - (-1 - 5)) + -4?
-1
(0 - 4) + 3 - 2
-3
10 + -15 + 10 + -7
-2
(2 - (1 + 2)) + (11 - 13)
-3
Evaluate 1 - (0 + 2 + -2 + -2).
3
(3 - 0) + (0 + 0 - 3)
0
0 + 1 - (0 + 0 - 1)
2
What is 0 - (1 + 7 + -3)?
-5
What is the value of 2 - -1 - ((-4 - 0) + 4)?
3
Calculate 6 + (21 - 7 - 28).
-8
Evaluate -3 - (4 + (-10 - 5) + 3).
5
Calculate 1 + -4 + (2 - 0) + -3.
-4
Calculate 3 + (-4 + -7 + 8 - -6).
6
Calculate (-16 - (-4 + -6)) + 7.
1
What is -13 - -19 - (7 + -1)?
0
Evaluate 0 + -1 + 3 + 4 + -8.
-2
-11 - (-26 + 5 + 2)
8
Evaluate -5 - 1 - (-17 + 17) - 1.
-7
Calculate 31 - 39 - (0 - 10).
2
Calculate 3 + (-1 - (4 - (2 - -1))).
1
0 + ((-1 - 1) + 3 - 2)
-1
Calculate (-10 - (-6 - (2 + -4))) + 1.
-5
Calculate -5 + (0 - 2 - -4).
-3
What is (-2 - -4) + 3 - 4?
1
2 - ((3 - 2) + 3)
-2
Evaluate -11 + 10 - (3 - 8 - -1).
3
What is the value of -1 + (0 - 1) + -31 + 36?
3
4 - 2 - 0 - (-17 + 24)
-5
What is the value of -1 - (3 - (-5 + 12 - -4))?
7
What is 0 - 6 - (0 - 5)?
-1
Calculate (4 - 8) + (7 + -1 - 1).
1
Calculate (-19 - -20 - (12 - 2)) + 6.
-3
(-9 - -21) + -16 + 0
-4
5 - (3 - (6 + -4 - 2))
2
What is the value of (-17 - -21) + (-1 - 1) - 7?
-5
Calculate (-7 - -6) + -1 - (3 + -1).
-4
Calculate 1 + -5 + (27 - 14 - 10).
-1
Evaluate (5 + -8 - -6) + 0.
3
Calculate 2 + (-5 - 1) - -7.
3
What is 3 - (-14 + 14 + -5)?
8
2 + 5 + -5 + -2
0
Calculate 7 - (11 - 7 - -2).
1
Calculate -1 - (1 + -2 + 2).
-2
What is the value of (-6 + 11 - 8) + 1 + -2?
-4
Calculate 6 + (-4 + -1 - -6 - 2).
5
Calculate -4 + -2 - (-47 - -42).
-1
What is 72 + -72 - (-1 + (1 - 6))?
6
0 + 1 - (-2 - 0 - 1)
4
What is (3 - 1) + -8 + (5 - 4)?
-5
Calculate -3 + 5 - (-24 + 29).
-3
Evaluate -4 - (2 + -1 + (-1 - 1)).
-3
Calculate 2 + (-13 - -14 - (3 + 1)).
-1
What is the value of 1 + (-13 - (-7 + 1))?
-6
What is the value of 7 - (0 + (-3 - -6 - 0))?
4
What is the value of 6 - (-3 + -1 + 1 - -6)?
3
-7 + -1 - 3 - (-3 + -1)
-7
0 - -1 - (-3 - (-3 - 4))
-3
Evaluate 2 + -5 - (-20 + 15).
2
Evaluate 0 + (-1 - -5) + -10 + 14.
8
-1 + (-14 - -9) + 9
3
Calculate -3 + 2 - (13 - 10).
-4
Calculate 9 - 4 - 2 - -4.
7
Evaluate (2 - (1 - (4 - 2))) + 2.
5
Calculate -3 + 16 + -3 - 4 - 16.
-10
What is 10 + -6 + 3 + 0 - 7?
0
What is (8 + 0 - -2) + (-6 - -2)?
6
Calculate -3 - (1 - 0) - (-14 - -19).
-9
Evaluate -4 + (5 - (8 + -4)).
-3
What is (0 - 5 - -9) + (-5 - -2)?
1
What is the value of 1 + (3 - (1 - -4))?
-1
Calculate 3 - 3 - -4 - 6.
-2
Evaluate (1 - (5 + -8)) + -9.
-5
-1 + (-1 + -3 - -4)
-1
What is 4 - (4 + (-9 - -3)) - 0?
6
What is -2 + (-4 - -1) + -13 + 14?
-4
1 + ((-1 - -4) + -2 - -3)
5
Calculate -7 + (1 - -6) - 5 - -7.
2
Evaluate (-1 - (2 - 7)) + 0.
4
What is the value of 8 + -12 + -10 + 16?
2
What is the value of -1 - -6 - (-290 + 299)?
-4
Evaluate 1 - (5 - (13 + -4)).
5
Calculate 1 - (1 - (1 + -3 - 1)).
-3
4 - (0 - ((-5 - 1) + 0))
-2
What is the value of 0 - (15 + -18 - (-1 + 1))?
3
-2 - (7 - (19 - 7))
3
Calculate 3 + 0 + (15 - (-14 + 35)).
-3
13 - ((-11 - -1) + 17)
6
Calculate -3 + 1 + 5 + -3 + 0.
0
-6 + 3 + -1 + -4 + 7
-1
Evaluate -2 - 4 - (5 + -23 + 9).
3
4 - (-2 + 4 - 1)
3
What is the value of -1 + (-1 - (-3 - (2 + -5)))?
-2
(0 + 2 - (-3 - -13)) + 2
-6
Calculate -16 + 1 - (-39 - -32).
-8
2 + 1 + -1 - -3
5
Calculate 1 - (10 - (5 - 0) - 2).
-2
-4 - (4 - (5 - 0)) - -3
0
Calculate (4 - (-7 - (-2 + -1))) + -4.
4
3 + -2 - (11 + -13)
3
Evaluate (-3 - -1) + 18 + -14.
2
What is (1 - 2) + (-13 - -15)?
1
What is the value of -1 - 11 - (-128 + 125)?
-9
Calculate 1 + 9 + (2 - 10).
2
0 - 6 - (-163 + 165)
-8
What is (3 - (2 + (-6 - -2))) + -4?
1
What is 8 + -4 - (-10 - -11)?
3
What is the value of 5 + 0 + -3 + 0 + -3?
-1
Evaluate 11 + (-24 - -2) - -10.
-1
-2 - -1 - -7 - 6
0
28 + -20 - (1 - -2)
5
Calculate 2 + -6 + (3 - 1) + 5.
3
9 + -1 + -4 + 1
5
Evaluate 2 - (-7 + 7) - 5.
-3
What is -1 + (-1 + 2 - -1) - 5?
-4
-1 + (-2 - (0 - -2))
-5
Evaluate 0 + 0 - (-28 + 27).
1
Evaluate 4 + -9 - (-2 + 2).
-5
Calculate 0 - (6 - (-4 - -9)).
-1
0 + -3 - (10 + (17 - 26))
-4
Evaluate -3 - (6 + -4 + 0).
-5
What is 1 - (2 + (-1 + 2 - 0))?
-2
Calculate (5 - (-2 - -3)) + -6.
-2
What is the value of -34 - -26 - (-5 - 0)?
-3
What is the value of -12 + 22 + (-9 - 0)?
1
What is the value of 13 + 0 + 22 + -30?
5
What is the value of -5 + 0 - (-11 + 11)?
-5
Evaluate (-14 - (6 + -12) - -5) + 4.
1
What is the value of 9 + (0 - -3) + -7?
5
1 + -1 + -1 + -27 + 32
4
Evaluate -1 + 1 - (-4 + (11 - 6)).
-1
Calculate (-2 + 1 - (-11 + 12)) + 7.
5
What is -15 + (-1 - -5) - -6?
-5
Evaluate (4 + -5 - -4) + -3.
0
What is the value of 0 + 3 + 0 + (-58 - -57)?
2
Calculate 4 + 8 + -4 + -9.
-1
What is the value of -8 - -5 - ((-1 - 0) + 1)?
-3
What is the value of -6 - (-7 + 6) - (-2 + 4)?
-7
What is the value of 5 - (1 + 1) - (14 - 7)?
-4
Evaluate (-1 - 2) + 4 + -4.
-3
What is 1 + 3 - (-18 - -18)?
4
What is -2 - 2 - -4 - -1?
1
What is the value of -6 + 14 + 1 + -12?
-3
What is the value of (-24 - (-13 + -6)) + 2 + -1?
-4
What is (-1 - (11 - 9)) + (-5 - -3)?
-5
Calculate -1 - -2 - (-9 - (-4 - 1)).
5
What is the value of (3 - 0) + 0 + -8?
-5
What is the value of 19 + -23 + 0 + 2 + -1?
-3
-7 + (-2 - 0) + 5
-4
Evaluate (23 - -5 - 12) + -7.
9
Calculate -2 + 3 + (3 - -1).
5
Calculate 17 - (-2 - -16) - (0 + -2).
5
Evaluate 3 + (2 - 1) + -3 + 1.
2
What is the value of 0 + (-5 - (-2 - -1))?
-4
What is the value of (-9 - 0) + 8 + -5 + 1?
-5
Calculate -5 + (-1 - 0 - (-4 + 0)).
-2
What is -1 - -2 - -5 - (-9 + 16)?
-1
What is the value of -5 - (-1 + (5 + -5 - 5))?
1
What is 1 - (-3 + (3 - 2))?
3
What is 38 + -36 + (-1 - 0)?
1
Evaluate -1 + 2 + 1 + -2 + 1.
1
What is -4 + -3 - (9 + -11)?
-5
Calculate -5 - (-2 + 2 + -13).
8
-5 - (1 + -12) - 5
1
What is (0 + 0 - (0 - -3)) + -4?
-7
Calculate (-23 - -5) + 7 + 5.
-6
What is the value of 1 - -3 - (1 - 1)?
4
What is 11 - 3 - (2 - (-4 - -2))?
4
Evaluate (-2 - -3) + -7 + -9 + 16.
1
What is the value of 7 + -7 + 15 + -8 + 0?
7
Evaluate -3 + 10 + -4 - (-5 - -8).
0
What is (0 - (0 - 4)) + 7 + -6?
5
What is -3 - (6 + -9) - -3?
3
What is 13 + -15 - (3 + -1)?
-4
What is 6 + -9 - (-2 + 0)?
-1
What is the value of (4 - -1) + 1 + (1 - 5)?
2
Evaluate 4 - 1 - (0 - -1).
2
-2 - (5 + -3 + 1 + -2)
-3
-6 + 3 + -7 + 0 - -6
-4
Evaluate 1 - ((1 - -1) + (-2 - -5)).
-4
Calculate 0 + (0 + 0 - -2) + 2.
4
What is the value of 7 + -11 + 4 - (9 + -2)?
-7
What is the value of 18 + -20 + (2 - 0)?
0
What is 3 + -3 - (-4 - (4 - 5))?
3
What is -42 - -46 - (3 + 3 + -1)?
-1
5 - (-4 + 0 + 10)
-1
What is 0 - (-2 + 4 + -2 + -3)?
3
What is the value of (0 - 1) + (0 - (-3 + 3))?
-1
Evaluate 0 - ((-6 - -11) + -5 + 0).
0
Calculate (0 + -5 - -10) + -1.
4
-10 + (25 - 9 - 10)
-4
Calculate (2 -